ds digit of z?
9
Let x(t) = -t**2 - 14*t - 9. Let b be x(-5). Suppose 0*z - 2*z = -5*c + b, 5*z = -c - 117. Let u = z + 30. What is the units digit of u?
7
Let i = -3019 + 4245. What is the units digit of i?
6
Let o(z) = 4*z**3 - 2*z**2 - 3*z + 5. Let v(c) = 3*c - 1. Let g be v(1). What is the tens digit of o(g)?
2
Let j be (12/(-24))/((-777)/388 + 2). Suppose -q + j = -2*v, 5*v - 2*v = -5*q + 983. What is the hundreds digit of q?
1
Let f be 2*(6 + -2 + 1). What is the tens digit of (-245)/(-13) + f/65?
1
Let v(j) = -j**2 - j + 1. Let w(u) = -9*u**2 + 4*u - 1. Let a(t) = 6*v(t) - w(t). What is the tens digit of a(5)?
3
Let s(o) = -4*o + 28. Let r be s(6). Suppose -3 = -r*d + 9. What is the units digit of d?
3
Suppose 0 = -k - 4*t + 13, -2*t = -2*k - 0*t + 46. What is the units digit of k?
1
Suppose -34*k - 20401 = -57*k. What is the units digit of k?
7
Let c(r) = 10*r + 239. What is the tens digit of c(-19)?
4
Let q = -358 + 367. What is the units digit of q?
9
Let x = 1558 - 1098. What is the tens digit of x?
6
Suppose -2*s + 5*n + 233 = 0, -s - 2*n + 12 + 82 = 0. What is the units digit of s?
4
Let l(x) = 2*x**2 - 24*x - 13. Let b be l(11). What is the units digit of (-13)/(b/17 - -2)?
1
Suppose -c + 5*q + 504 = 0, 2*c = -2*q - 116 + 1124. What is the hundreds digit of c?
5
Let k(x) = x**3 - 3*x**2 - 17*x + 10. Let d be k(7). Let z = d - 46. What is the tens digit of z?
4
Suppose 6*q - 3*q + b = 4080, 5441 = 4*q + b. Let t = q + -872. What is the units digit of 4/22 + t/33?
5
Suppose 0 = -5*j, 11*p - 3435 = 6*p - 5*j. What is the units digit of p?
7
Suppose -6*k + 3*k - 4*r = 641, -5*k - r - 1074 = 0. Let p = k + 320. What is the units digit of p?
5
Let p = -289 - -572. Suppose -4*i + 313 = -p. What is the tens digit of i?
4
Suppose 0*z - 3*z + x - 25 = 0, 0 = -x + 4. Let n = z - 6. Let t = 10 - n. What is the units digit of t?
3
Let l be 9*(4 - 11/3). Let u = -8 - -19. Suppose -1 = a - l, -3*t - a + u = 0. What is the units digit of t?
3
Let s be (0 - -1) + 5/5. Suppose 0 = w - s*w + 18. What is the units digit of w?
8
Let p = 6810 + -3405. What is the hundreds digit of p?
4
Let n = -1282 - -1884. What is the tens digit of n?
0
Suppose -2*o = -2*h - 3*o + 8108, -h = -3*o - 4068. What is the tens digit of h?
5
Suppose -3*u - 18 = 4*f, 5*f - 3*u + 2*u + 13 = 0. Let s be (3 - 0)/(4 - 1). Let t = s - f. What is the units digit of t?
4
Let q(y) = 2*y**2 - 8*y - 8. Let c(u) = u**2 - 4*u - 4. Suppose -3*g + 4 = -g, -3*z + 5*g = 1. Let s(m) = z*q(m) - 5*c(m). What is the tens digit of s(-3)?
1
Suppose 0 = 5*i - 4*s - 1363, 1372 = 5*i - 0*s - s. What is the hundreds digit of i?
2
Let n(l) = -l**3 - 6*l**2 - 4*l + 10. Let p be n(-5). Suppose -2*v = -p*v + 336. What is the tens digit of v?
1
Suppose -2*v = 3*v + 5*y + 15, v = y - 7. Let b be (-3)/(8/v + 1). Suppose h - 67 = -3*n, 2*n - b*n = -3*h + 177. What is the tens digit of h?
6
Suppose 6*j - 1682 = 562. What is the tens digit of j?
7
Suppose 2*b - 1 = 11. Suppose -418 = -4*g + 2*j, 5*j - 191 = 4*g - b*g. What is the tens digit of g?
0
What is the hundreds digit of 244742/237*6/4?
5
Suppose 0 = 13*r - 14*r + 7. Suppose r*y - 4*y = 4*i - 11, 3*i - 10 = 4*y. Suppose 5*h = j - 3, -6 = -i*j + 3*h + 21. What is the units digit of j?
8
Let m = 648 + 783. What is the hundreds digit of m?
4
Let y(w) be the first derivative of -w**3/3 - w**2/2 + 4*w + 8. Let p be y(-2). Suppose x + x - 4*c = 58, -p*x + 38 = c. What is the tens digit of x?
2
Let b(v) = 15 - 16 - 5*v + 3*v. Let a be (-2)/4 + 17/(-2). What is the units digit of b(a)?
7
What is the units digit of ((49475/(-15))/(-5))/(3/9)?
9
Let l be 17/3 - (1 - 5/15). Suppose 3*c = -4*v + 425, 481 + 216 = l*c + v. What is the tens digit of c?
3
Let q = 1040 + 30. What is the thousands digit of q?
1
Suppose -515 = 16*d - 9811. What is the hundreds digit of d?
5
Let b be 17 + -2 - (2 + -4). Let j = 50 + b. What is the tens digit of j?
6
Let o = 840 - 280. What is the tens digit of o?
6
Suppose -5*z + 30 = -5*u, -u = z + u - 6. Suppose 3*g = z*g - 30. Suppose 7*p = g*p - 27. What is the units digit of p?
9
Let n = 14 + -14. Suppose -2*q + n*q + 8 = 0. Let w = 17 + q. What is the tens digit of w?
2
Suppose 6111 = -7*m + 23373. What is the tens digit of m?
6
Let c(n) = 3 + 20*n**2 - 9*n**2 + n + 0*n + 0*n**2. What is the units digit of c(-2)?
5
Suppose r + 21*f - 24*f = 1366, 2*r = 4*f + 2730. What is the hundreds digit of r?
3
Let g(r) = -r + 6. Let x be g(-6). Suppose 2*y + 2 = -3*s, 0 = -s - 2*s - x. Suppose 3*u - 32 = -y*q + 29, -92 = -4*u - 4*q. What is the units digit of u?
7
Let w(u) = 2*u**3 - 16*u**2 - 9*u - 7. What is the tens digit of w(11)?
2
Let g = 576 + -128. What is the hundreds digit of g?
4
Let k = 8492 - 5227. What is the hundreds digit of k?
2
Let g(u) = u**2 + 9*u + 8. Let w be g(-8). Let z be (-12)/(0 + -3) - w. Suppose -3*m + 2*h + 34 = 0, z*m = -5*h - 2 + 32. What is the tens digit of m?
1
Let s = 9 + -17. Let b = 10 + s. Suppose -b*n - 32 = -3*n. What is the tens digit of n?
3
Suppose 2*i = 4 + 2. What is the units digit of (-1)/i - (-1622)/6?
0
Suppose 2686 = 4*p + 2*m - 1852, -m - 2271 = -2*p. What is the thousands digit of p?
1
What is the units digit of ((-541)/(-1 + 0))/(-15 + 16)?
1
What is the tens digit of (325039/52 - -8) + (-1)/(-4)?
5
What is the units digit of (-3229)/(9 - (13 + -6) - 3)?
9
Suppose -1662 = x - 6256. What is the thousands digit of x?
4
Let h = 1550 - -3104. What is the tens digit of h?
5
Let v be 201/21 - (-24)/56. What is the hundreds digit of (6 - 65/v)/(2/(-764))?
1
Suppose m + g = 6, -3*m + 5*g + 0 = -2. Suppose 0 = 5*q - 4*b - 60, -m*q = q + 5*b - 105. Suppose n - 3*n + q = 0. What is the units digit of n?
8
Suppose -4*k = -3*u - 1836 - 544, -2*u + 2952 = 5*k. What is the hundreds digit of k?
5
Suppose 10*b - 5*b = 0. Suppose 14*x - 7*x - 231 = b. What is the tens digit of x?
3
Let j(c) = -74*c**3 - c**2 - c - 2. What is the tens digit of j(-1)?
7
Let z be (-305)/9*-3 - 2/(-6). Suppose -z = -4*o + 26. What is the tens digit of o?
3
Suppose -82 = 9*k - 10. Let w(s) = s**3 + 11*s**2 - s + 2. Let a be w(k). Let f = a - 135. What is the units digit of f?
7
Let q = 95 + -92. Suppose 5*w + 4*n - 418 = 0, -q*w + 6*w - 2*n = 242. What is the tens digit of w?
8
Let t(y) = -5*y**2 - 6 + y**2 - y + 5*y**2 - y. What is the tens digit of t(8)?
4
Suppose 0 = -3215*i + 3221*i - 2412. What is the tens digit of i?
0
Let r(a) be the first derivative of -a**3/3 - a**2 + a + 5. Let i be r(-4). Let c = i + 19. What is the tens digit of c?
1
Let g be (-10 - (-1)/1)/(-1). Let p be (-41)/(-2)*(g + -7). Suppose p - 5 = 2*j. What is the tens digit of j?
1
Let n = -107 - -110. Suppose -11*b + 2884 = n*b. What is the tens digit of b?
0
Suppose -3*o + 19 = -11. Let n be o*(3 - 26/10). Suppose 3*b - 4*f - 40 = 0, 0 = -b - n*b - 2*f + 32. What is the units digit of b?
8
Let d be (19/(-3) - -3)/((-4)/(-138)). Let q = -24 - d. What is the tens digit of q?
9
Let j = 32 + 290. What is the hundreds digit of j?
3
Suppose s = 5*v - 3*v + 1, -3*s + 3 = -v. Suppose -3*d + 0*h - 1 = -5*h, v = d - 4*h + 12. What is the units digit of d?
8
Let k(o) be the first derivative of 3/2*o**2 - 6 - 3*o. What is the units digit of k(8)?
1
Suppose 16*v + 15*v = 22661. What is the tens digit of v?
3
Suppose -4 = 3*c - 16. Suppose 88 = -c*p + 472. What is the tens digit of p?
9
Suppose 0 = 19*h - 22*h. Suppose -u + 4*u = h. Suppose -40 = -u*x - x. What is the tens digit of x?
4
Let h(l) be the first derivative of l**4/4 + 11*l**3/3 - 3*l**2 - 7*l - 15. What is the units digit of h(-11)?
9
Let l(y) = -y - 27. Suppose 0 = 3*f + 4*r + 28, -3*f - 2*r - 35 = -3. Let x be l(f). Let n(m) = -m**3 - 15*m**2 - m + 5. What is the units digit of n(x)?
0
Suppose -5*m + 4*m = -3*y - 2, -2*y - 6 = -3*m. Suppose 0*f - m*f + 3*t + 75 = 0, -f + 5*t + 20 = 0. What is the units digit of f?
5
Let b = 663 - 457. What is the units digit of b?
6
Let c = 4179 - 2704. What is the units digit of c?
5
Suppose 5*a + 15 = 5*m, 4 = 3*m + 2*a - 5. Suppose m*g + 28 = 4*l - g, 40 = 4*l + 2*g. Suppose -v + 4*j = 0, -2*v + l = -v + 5*j. What is the units digit of v?
4
Let j = 3 - 9. Let g be ((-8)/j)/((-22)/33). What is the units digit of 30/(-9)*(g - 1)?
0
What is the hundreds digit of (9/